663.
3, 5987, 29983
What are the prime factors of 778064226?
2, 3, 31, 47, 89003
List the prime factors of 219652555.
5, 503, 87337
What are the prime factors of 70983313?
17, 23, 59, 181
What are the prime factors of 9866021?
11, 431, 2081
What are the prime factors of 393368807?
13, 30259139
What are the prime factors of 3627044017?
71, 51085127
List the prime factors of 7992781.
7992781
What are the prime factors of 35120572?
2, 17, 239, 2161
List the prime factors of 25084528.
2, 7, 223969
What are the prime factors of 1899332349?
3, 379, 1670477
What are the prime factors of 90340551?
3, 7, 991, 1447
List the prime factors of 95449655.
5, 7, 23, 118571
What are the prime factors of 240952945?
5, 23, 293, 7151
List the prime factors of 636048684.
2, 3, 569, 31051
List the prime factors of 1540718051.
14827, 103913
What are the prime factors of 556765356?
2, 3, 7, 6628159
List the prime factors of 60372331.
6329, 9539
List the prime factors of 198249715.
5, 149, 281, 947
List the prime factors of 37188826.
2, 17, 1093789
What are the prime factors of 1072409381?
19, 31, 157, 11597
List the prime factors of 4602038647.
4602038647
What are the prime factors of 172243162?
2, 7, 13, 946391
What are the prime factors of 2988083?
7, 37, 83, 139
List the prime factors of 2141160068.
2, 23, 79, 151, 1951
List the prime factors of 769335724.
2, 192333931
List the prime factors of 3395772414.
2, 3, 188654023
List the prime factors of 336069777.
3, 19, 29, 203309
List the prime factors of 355567404.
2, 3, 659, 44963
List the prime factors of 5561334368.
2, 97, 431, 4157
What are the prime factors of 44733704?
2, 107, 52259
What are the prime factors of 40839316?
2, 7, 1458547
List the prime factors of 169758824.
2, 21219853
What are the prime factors of 821887724?
2, 7, 29, 43, 23539
List the prime factors of 188174437.
11, 17106767
What are the prime factors of 61719735?
3, 5, 7, 11, 53437
List the prime factors of 949690896.
2, 3, 7, 11, 263, 977
What are the prime factors of 1575568209?
3, 3499, 150097
What are the prime factors of 216713055?
3, 5, 13, 293, 3793
List the prime factors of 1761354712.
2, 13, 97, 174599
List the prime factors of 47363216.
2, 47, 62983
What are the prime factors of 6733368?
2, 3, 10391
What are the prime factors of 504314480?
2, 5, 113, 55787
What are the prime factors of 2252745224?
2, 281593153
What are the prime factors of 7437843716?
2, 571, 3256499
What are the prime factors of 11316432?
2, 3, 281, 839
List the prime factors of 258857949.
3, 7, 12326569
What are the prime factors of 395929715?
5, 857, 92399
List the prime factors of 5461162951.
19, 181, 367, 4327
What are the prime factors of 177690267?
3, 2193707
List the prime factors of 6304332583.
6304332583
What are the prime factors of 64765915?
5, 12953183
List the prime factors of 23779207.
23779207
What are the prime factors of 606727671?
3, 11, 17, 673, 1607
What are the prime factors of 132250054?
2, 937, 70571
List the prime factors of 665365216.
2, 73, 284831
List the prime factors of 1096673235.
3, 5, 7, 23, 454109
List the prime factors of 11328801.
3, 11, 211, 1627
List the prime factors of 114727218.
2, 3, 31, 577, 1069
What are the prime factors of 273623591?
273623591
List the prime factors of 189478422.
2, 3, 7, 211, 7127
What are the prime factors of 6828988924?
2, 4691, 363941
List the prime factors of 177392100.
2, 3, 5, 23, 47, 547
List the prime factors of 2427703284.
2, 3, 71, 937, 3041
List the prime factors of 1586677712.
2, 31, 79, 40493
What are the prime factors of 55018630?
2, 5, 17, 37, 8747
What are the prime factors of 34989276?
2, 3, 7, 67, 6217
What are the prime factors of 7447713415?
5, 251, 449, 13217
List the prime factors of 406190406.
2, 3, 67698401
What are the prime factors of 91987950?
2, 3, 5, 613253
What are the prime factors of 105950518?
2, 2039, 25981
List the prime factors of 588501749.
11, 367, 145777
What are the prime factors of 396191019?
3, 7, 2695177
What are the prime factors of 3395890?
2, 5, 339589
List the prime factors of 375620892.
2, 3, 37, 491, 1723
What are the prime factors of 1107309740?
2, 5, 19, 103, 1489
List the prime factors of 174851366.
2, 87425683
List the prime factors of 451325812.
2, 7, 103, 156493
What are the prime factors of 2206173354?
2, 3, 7, 11, 113, 6037
List the prime factors of 24393129.
3, 293, 27751
List the prime factors of 2570496.
2, 3, 3347
List the prime factors of 1539237375.
3, 5, 13, 17, 41, 151
List the prime factors of 38776038.
2, 3, 7, 923239
List the prime factors of 228087488.
2, 3563867
List the prime factors of 2758980726.
2, 3, 4721, 32467
List the prime factors of 2966565110.
2, 5, 17, 953, 18311
What are the prime factors of 186602340?
2, 3, 5, 197, 15787
What are the prime factors of 226426751?
29, 1399, 5581
List the prime factors of 27592429.
27592429
What are the prime factors of 428428530?
2, 3, 5, 19, 250543
List the prime factors of 182049231.
3, 7, 13, 241, 2767
What are the prime factors of 1534809720?
2, 3, 5, 487, 26263
What are the prime factors of 546777355?
5, 3911, 27961
What are the prime factors of 20651706?
2, 3, 47, 79, 103
What are the prime factors of 180786366?
2, 3, 37, 271451
List the prime factors of 2127595453.
347, 6131399
What are the prime factors of 108016930?
2, 5, 7, 1543099
List the prime factors of 478716304.
2, 11, 197, 13807
List the prime factors of 402661479.
3, 11, 173, 251, 281
List the prime factors of 106585577.
7, 313, 48647
What are the prime factors of 24196342?
2, 12098171
What are the prime factors of 2331871179?
3, 11, 29, 2436647
List the prime factors of 609901686.
2, 3, 593, 57139
What are the prime factors of 426161414?
2, 7, 30440101
List the prime factors of 70663002.
2, 3, 59, 433, 461
What are the prime factors of 133180768?
2, 7, 457, 1301
List the prime factors of 55638122.
2, 27819061
List the prime factors of 29552234.
2, 139, 106303
List the prime factors of 36410174.
2, 107, 170141
List the prime factors of 368467899.
3, 569, 215857
What are the prime factors of 269254867?
7, 38464981
List the prime factors of 519768966.
2, 3, 79, 1096559
What are the prime factors of 2983078172?
2, 103, 7240481
What are the prime factors of 55596955?
5, 557, 19963
List the prime factors of 125203947.
3, 11, 31, 122389
List the prime factors of 3988045411.
7, 89, 6401357
What are the prime factors of 261773627?
261773627
What are the prime factors of 13815816?
2, 3, 7, 82237
What are the prime factors of 25151002?
2, 12575501
What are the prime factors of 350725452?
2, 3, 7, 11, 379573
List the prime factors of 2031044.
2, 29, 17509
What are the prime factors of 364077534?
2, 3, 23, 2638243
What are the prime factors of 21883750?
2, 5, 7, 41, 61
List the prime factors of 2611733602.
2, 2953, 442217
List the prime factors of 1177358414.
2, 29, 101, 200983
What are the prime factors of 34120285?
5, 43, 158699
List the prime factors of 20694025.
5, 11, 6841
What are the prime factors of 468538821?
3, 52059869
What are the prime factors of 59176178?
2, 83, 103, 3461
What are the prime factors of 126921623?
173, 733651
List the prime factors of 23632569.
3, 23, 114167
List the prime factors of 23712299.
13, 47, 197
List the prime factors of 841418094.
2, 3, 11, 17, 749927
What are the prime factors of 965836861?
11, 17, 19, 23, 53, 223
List the prime factors of 233926487.
1801, 129887
List the prime factors of 109513920.
2, 3, 5, 114077
What are the prime factors of 430703293?
430703293
List the prime factors of 213800509.
13, 47, 349919
List the prime factors of 4569758397.
3, 79, 659, 3251
What are the prime factors of 711441077?
711441077
What are the prime factors of 723884?
2, 7, 103, 251
List the prime factors of 243127930.
2, 5, 24312793
What are the prime factors of 551437114?
2, 19, 31, 468113
What are the prime factors of 655926482?
2, 59, 5558699
What are the prime factors of 60793202?
2, 137, 221873
What are the prime factors of 141973451?
141973451
List the prime factors of 2971488263.
2971488263
What are the prime factors of 928068492?
2, 3, 13, 23, 258659
List the prime factors of 2853027678.
2, 3, 197, 787, 3067
What are the prime factors of 518985699?
3, 53, 1567, 2083
List the prime factors of